{"id":402,"date":"2022-03-28T13:26:25","date_gmt":"2022-03-28T10:26:25","guid":{"rendered":"https:\/\/miragumus.com\/?post_type=product&#038;p=402"},"modified":"2026-01-16T20:00:29","modified_gmt":"2026-01-16T17:00:29","slug":"925-ayar-pembe-altin-kaplamali-dogal-inci-uzeri-gumus-harf-kolye","status":"publish","type":"product","link":"https:\/\/miragumus.com\/index.php\/product\/925-ayar-pembe-altin-kaplamali-dogal-inci-uzeri-gumus-harf-kolye\/","title":{"rendered":"Do\u011fal \u0130ncili G\u00fcm\u00fc\u015f Harf Kolye"},"content":{"rendered":"<table width=\"64\">\n<tbody>\n<tr>\n<td width=\"64\">\u00dcR\u00dcN HAKKINDA A\u00c7IKLAMA<\/td>\n<\/tr>\n<tr>\n<td><\/td>\n<\/tr>\n<tr>\n<td>\u00a0&#8211; \u00dcr\u00fcn\u00fcm\u00fcz 925 Ayar G\u00fcm\u00fc\u015f ve \u00dczeri Pembe Alt\u0131n (Rose Gold) Kaplamal\u0131d\u0131r.<\/td>\n<\/tr>\n<tr>\n<td>\u00a0&#8211; Do\u011fal \u0130nci ve \u00dczerine G\u00fcm\u00fc\u015f Plaka Fig\u00fcr \u0130\u015flemelidir. \u00dcr\u00fcn \u0130ncinin Do\u011fal Yap\u0131s\u0131 Sebebiyle Foto\u011fraftakinden Az da Olsa Farkl\u0131l\u0131k G\u00f6sterebilir.<\/td>\n<\/tr>\n<tr>\n<td>\u00a0&#8211; \u00dcr\u00fcnlerimiz Sizlere \u00d6zel Hediye Paketi \u0130le \u0130letilmektedir.<\/td>\n<\/tr>\n<tr>\n<td>\u00a0&#8211; \u00dcr\u00fcnlerimiz firmam\u0131z\u0131n g\u00fcvencesi alt\u0131ndad\u0131r.<\/td>\n<\/tr>\n<tr>\n<td>\u00a0&#8211; G\u00fcm\u00fc\u015f Do\u011fal Yap\u0131s\u0131ndan Dolay\u0131 Kararma Yapabilir , \u00dcr\u00fcnlerimizi Kullan\u0131rken \u00c7ama\u015f\u0131r Suyu , Deterjan , Parf\u00fcm Vb. Gibi Kimyasal \u00dcr\u00fcnlerle Temaslardan Ka\u00e7\u0131narak Kararmas\u0131n\u0131 Engelleyip \u00d6mr\u00fcn\u00fc Uzatabilirsiniz !<\/td>\n<\/tr>\n<tr>\n<td>\u00a0&#8211; Kullan\u0131m Esnas\u0131nda Olu\u015fan Hasarlardan , Kararmalardan Vb. Gibi Unsurlarla Kar\u015f\u0131la\u015ft\u0131\u011f\u0131n\u0131z Takdirde Firmam\u0131zla \u0130leti\u015fime Ge\u00e7iniz.<\/td>\n<\/tr>\n<tr>\n<td>\u00a0&#8211; Kullan\u0131m Esnas\u0131nda Olu\u015fan Hasarlarda Kargo \u00dccretini Kar\u015f\u0131lad\u0131\u011f\u0131n\u0131z Takdirde B\u00fct\u00fcn Bak\u0131m ve Onar\u0131mlar Firmam\u0131z Taraf\u0131ndan \u00dcCRETS\u0130Z Bir \u015eekilde Yap\u0131lmaktad\u0131r.<\/td>\n<\/tr>\n<tr>\n<td>\u00a0&#8211; \u00dcr\u00fcn fiyatlar\u0131, websitesine \u00f6zel promosyonlar nedeniyle ma\u011faza fiyatlar\u0131m\u0131zdan daha ucuz olabilir.<\/td>\n<\/tr>\n<tr>\n<td>\u00a0&#8211; Kolye boyu 40+5 cm olup \u00f6zel istek \u00fczerine uzatma zinciri ile istenilen kadar uzat\u0131labilir.<\/p>\n<p>&#8211; \u00dcr\u00fcn rengini de\u011fi\u015ftirmek isterseniz bize ula\u015farak veya sipari\u015f notlar b\u00f6l\u00fcm\u00fcnde iletebilirsiniz.<\/p>\n<p>&#8211; \u00dcr\u00fcn ile ilgili \u00f6zel isteklerinizi bize ula\u015farak iletebilirsiniz.<\/td>\n<\/tr>\n<tr>\n<td><\/td>\n<\/tr>\n<tr>\n<td><\/td>\n<\/tr>\n<tr>\n<td>\u00a0&#8211; Whatsapp: 05342341984<\/td>\n<\/tr>\n<tr>\n<td>\u00a0&#8211; Mail: miragumustrabzon@gmail.com<\/td>\n<\/tr>\n<tr>\n<td><\/td>\n<\/tr>\n<tr>\n<td>KARGO TESL\u0130MATI<\/td>\n<\/tr>\n<tr>\n<td><\/td>\n<\/tr>\n<tr>\n<td>\u00a0&#8211; Haftai\u00e7i saat 14:30&#8242; a kadar verece\u011finiz t\u00fcm sipari\u015fler ( &#8220;Ki\u015fiye \u00d6zel \u00dcr\u00fcnler&#8221; ve &#8220;Y\u00fcz\u00fck&#8221; kategorisindeki \u00fcr\u00fcnler hari\u00e7 ) ayn\u0131 g\u00fcn MNG kargoya teslim edilir.<\/td>\n<\/tr>\n<tr>\n<td>\u00a0&#8211; Ki\u015fiye \u00d6zel \u00dcr\u00fcnler 2-4 \u0130\u015f g\u00fcn\u00fc \u0130\u00e7erisinde MNG Kargoya teslim edilir.<\/td>\n<\/tr>\n<tr>\n<td>\u00a0&#8211; 2500 TL ve \u00fczeri sipari\u015flerde kargo \u00fccretsizdir. 2500 TL alt\u0131ndaki sipari\u015flerde 150 TL MNG kargo \u00fccreti ilave olur.<\/td>\n<\/tr>\n<tr>\n<td><\/td>\n<\/tr>\n<tr>\n<td>DE\u011e\u0130\u015e\u0130M<\/td>\n<\/tr>\n<tr>\n<td><\/td>\n<\/tr>\n<tr>\n<td>\u00a0&#8211; Miragumus.com&#8217;dan Ald\u0131\u011f\u0131n\u0131z \u00dcr\u00fcnleri Teslim Tarihinden \u0130tibaren\u00a015 G\u00fcn\u00a0\u0130\u00e7erisinde \u00dccretsiz De\u011fi\u015fim Yapabilirsiniz.<\/td>\n<\/tr>\n<tr>\n<td>\u00a0&#8211; Ki\u015fiye \u00d6zel \u00dcretilen Sipari\u015flerde veya \u0130\u015flem Yap\u0131larak Ki\u015fiye \u00d6zel Hale Getirilen \u00dcr\u00fcnlerde De\u011fi\u015fim Yap\u0131lmamaktad\u0131r.<\/td>\n<\/tr>\n<\/tbody>\n<\/table>\n","protected":false},"excerpt":{"rendered":"<p>\u00dcR\u00dcN HAKKINDA A\u00c7IKLAMA \u00a0&#8211; \u00dcr\u00fcn\u00fcm\u00fcz 925 Ayar G\u00fcm\u00fc\u015f ve \u00dczeri Pembe Alt\u0131n (Rose Gold) Kaplamal\u0131d\u0131r. \u00a0&#8211; Do\u011fal \u0130nci ve \u00dczerine&hellip;<\/p>\n","protected":false},"featured_media":405,"comment_status":"open","ping_status":"closed","template":"","meta":[],"product_cat":[35,34,85,37,30],"product_tag":[147,146,149,151,150,148,145],"_links":{"self":[{"href":"https:\/\/miragumus.com\/index.php\/wp-json\/wp\/v2\/product\/402"}],"collection":[{"href":"https:\/\/miragumus.com\/index.php\/wp-json\/wp\/v2\/product"}],"about":[{"href":"https:\/\/miragumus.com\/index.php\/wp-json\/wp\/v2\/types\/product"}],"replies":[{"embeddable":true,"href":"https:\/\/miragumus.com\/index.php\/wp-json\/wp\/v2\/comments?post=402"}],"wp:featuredmedia":[{"embeddable":true,"href":"https:\/\/miragumus.com\/index.php\/wp-json\/wp\/v2\/media\/405"}],"wp:attachment":[{"href":"https:\/\/miragumus.com\/index.php\/wp-json\/wp\/v2\/media?parent=402"}],"wp:term":[{"taxonomy":"product_cat","embeddable":true,"href":"https:\/\/miragumus.com\/index.php\/wp-json\/wp\/v2\/product_cat?post=402"},{"taxonomy":"product_tag","embeddable":true,"href":"https:\/\/miragumus.com\/index.php\/wp-json\/wp\/v2\/product_tag?post=402"}],"curies":[{"name":"wp","href":"https:\/\/api.w.org\/{rel}","templated":true}]}}